29
What is the remainder when 2216 is divided by 144?
56
Calculate the remainder when 11262 is divided by 11.
9
Calculate the remainder when 7509 is divided by 93.
69
What is the remainder when 7397 is divided by 649?
258
What is the remainder when 14711 is divided by 2941?
6
Calculate the remainder when 25271 is divided by 72.
71
What is the remainder when 6363 is divided by 354?
345
What is the remainder when 3406 is divided by 953?
547
What is the remainder when 839 is divided by 384?
71
What is the remainder when 254 is divided by 80?
14
What is the remainder when 69721 is divided by 95?
86
Calculate the remainder when 46828 is divided by 67.
62
Calculate the remainder when 21754 is divided by 15.
4
Calculate the remainder when 695999 is divided by 87.
86
Calculate the remainder when 11289 is divided by 68.
1
Calculate the remainder when 11429 is divided by 2853.
17
Calculate the remainder when 56495 is divided by 40.
15
Calculate the remainder when 1413 is divided by 470.
3
What is the remainder when 145622 is divided by 98?
92
Calculate the remainder when 748433 is divided by 810.
803
Calculate the remainder when 44955 is divided by 616.
603
Calculate the remainder when 24212 is divided by 86.
46
Calculate the remainder when 47333 is divided by 3931.
161
What is the remainder when 18594 is divided by 76?
50
What is the remainder when 8207 is divided by 356?
19
Calculate the remainder when 6371 is divided by 327.
158
What is the remainder when 23260 is divided by 165?
160
What is the remainder when 330689 is divided by 5167?
1
Calculate the remainder when 26844 is divided by 408.
324
Calculate the remainder when 62824 is divided by 44.
36
Calculate the remainder when 18926 is divided by 14.
12
Calculate the remainder when 425834 is divided by 3.
2
What is the remainder when 2050 is divided by 35?
20
Calculate the remainder when 79355 is divided by 348.
11
What is the remainder when 10910 is divided by 272?
30
What is the remainder when 9256 is divided by 27?
22
Calculate the remainder when 2774296 is divided by 177.
175
Calculate the remainder when 15335 is divided by 945.
215
Calculate the remainder when 2232 is divided by 577.
501
Calculate the remainder when 4046 is divided by 337.
2
Calculate the remainder when 240652 is divided by 120323.
6
What is the remainder when 47173 is divided by 229?
228
What is the remainder when 3304 is divided by 1006?
286
Calculate the remainder when 10113 is divided by 1123.
6
What is the remainder when 657 is divided by 164?
1
Calculate the remainder when 773 is divided by 70.
3
Calculate the remainder when 1189222 is divided by 24.
22
What is the remainder when 50677 is divided by 8446?
1
What is the remainder when 155298 is divided by 10353?
3
What is the remainder when 10407 is divided by 66?
45
What is the remainder when 122878 is divided by 55?
8
Calculate the remainder when 610 is divided by 293.
24
Calculate the remainder when 54751 is divided by 1243.
59
Calculate the remainder when 31187 is divided by 111.
107
Calculate the remainder when 31386 is divided by 19.
17
What is the remainder when 43951 is divided by 745?
741
What is the remainder when 16198 is divided by 3237?
13
What is the remainder when 27020 is divided by 56?
28
Calculate the remainder when 30738 is divided by 19.
15
Calculate the remainder when 4562 is divided by 13.
12
Calculate the remainder when 5013 is divided by 283.
202
Calculate the remainder when 918092 is divided by 767.
760
What is the remainder when 155827 is divided by 155795?
32
What is the remainder when 376058 is divided by 8?
2
Calculate the remainder when 22139 is divided by 20.
19
Calculate the remainder when 3986 is divided by 286.
268
What is the remainder when 718 is divided by 143?
3
Calculate the remainder when 3293 is divided by 27.
26
Calculate the remainder when 212451 is divided by 1073.
1070
Calculate the remainder when 513165 is divided by 379.
378
What is the remainder when 6676 is divided by 27?
7
What is the remainder when 6923 is divided by 3423?
77
Calculate the remainder when 30792 is divided by 2799.
3
What is the remainder when 6253 is divided by 1249?
8
Calculate the remainder when 1841 is divided by 366.
11
Calculate the remainder when 16866 is divided by 29.
17
What is the remainder when 27731 is divided by 2772?
11
What is the remainder when 17609 is divided by 171?
167
What is the remainder when 597 is divided by 273?
51
Calculate the remainder when 63472 is divided by 81.
49
What is the remainder when 5731 is divided by 299?
50
What is the remainder when 4669 is divided by 4622?
47
Calculate the remainder when 20655 is divided by 1215.
0
What is the remainder when 12873 is divided by 6429?
15
What is the remainder when 825244 is divided by 19?
17
What is the remainder when 150948 is divided by 23?
22
What is the remainder when 10971 is divided by 60?
51
What is the remainder when 373305 is divided by 62215?
15
Calculate the remainder when 2587 is divided by 2334.
253
What is the remainder when 265495 is divided by 37?
20
What is the remainder when 4735 is divided by 36?
19
What is the remainder when 72459 is divided by 24135?
54
Calculate the remainder when 197826 is divided by 129.
69
Calculate the remainder when 53192 is divided by 26592.
8
Calculate the remainder when 35377 is divided by 2081.
0
What is the remainder when 193 is divided by 48?
1
Calculate the remainder when 1692 is divided by 1380.
312
Calculate the remainder when 38022 is divided by 56.
54
Calculate the remainder when 41625 is divided by 189.
45
What is the remainder when 655 is divided by 246?
163
What is the remainder when 50225 is divided by 605?
10
What is the remainder when 171854 is divided by 257?
178
What is the remainder when 36408 is divided by 1347?
39
What is the remainder when 751259 is divided by 136?
131
What is the remainder when 600858 is divided by 30042?
18
Calculate the remainder when 4835 is divided by 108.
83
Calculate the remainder when 287039 is divided by 215.
14
What is the remainder when 87955 is divided by 854?
847
Calculate the remainder when 35769 is divided by 6.
3
What is the remainder when 29041 is divided by 9676?
13
Calculate the remainder when 30783 is divided by 131.
129
Calculate the remainder when 390668 is divided by 130218.
14
What is the remainder when 45209 is divided by 15?
14
Calculate the remainder when 89668 is divided by 14.
12
What is the remainder when 9396 is divided by 2345?
16
Calculate the remainder when 18875 is divided by 997.
929
Calculate the remainder when 22435 is divided by 5497.
447
Calculate the remainder when 3124283 is divided by 166.
163
Calculate the remainder when 67061 is divided by 16765.
1
Calculate the remainder when 17040 is divided by 62.
52
What is the remainder when 81 is divided by 56?
25
What is the remainder when 185399 is divided by 30?
29
What is the remainder when 13722 is divided by 286?
280
Calculate the remainder when 5013 is divided by 1663.
24
What is the remainder when 122040 is divided by 40680?
0
What is the remainder when 2590 is divided by 707?
469
What is the remainder when 619 is divided by 574?
45
Calculate the remainder when 15102 is divided by 16.
14
What is the remainder when 3601 is divided by 583?
103
What is the remainder when 124846 is divided by 108?
106
Calculate the remainder when 12559 is divided by 177.
169
What is the remainder when 1530210 is divided by 3462?
6
Calculate the remainder when 24537 is divided by 463.
461
Calculate the remainder when 215 is divided by 13.
7
What is the remainder when 4057 is divided by 54?
7
What is the remainder when 228743 is divided by 114368?
7
Calculate the remainder when 18477 is divided by 280.
277
Calculate the remainder when 63112 is divided by 9015.
7
Calculate the remainder when 33864 is divided by 341.
105
Calculate the remainder when 17929 is divided by 2559.
16
Calculate the remainder when 1991 is divided by 661.
8
What is the remainder when 4222 is divided by 198?
64
Calculate the remainder when 206676 is divided by 11.
8
What is the remainder when 656 is divided by 289?
78
What is the remainder when 33564 is divided by 9?
3
What is the remainder when 500173 is divided by 75?
73
What is the remainder when 159